{"id":3609,"date":"2025-09-21T07:53:31","date_gmt":"2025-09-21T04:53:31","guid":{"rendered":"https:\/\/touchupestetik.com\/?post_type=product&#038;p=3609"},"modified":"2025-09-21T07:53:32","modified_gmt":"2025-09-21T04:53:32","slug":"intensive-problem-control-toner-200-ml","status":"publish","type":"product","link":"https:\/\/touchupestetik.com\/index.php\/product\/intensive-problem-control-toner-200-ml\/","title":{"rendered":"Intensive Problem Control Toner 200 ml"},"content":{"rendered":"<p><strong>Intensive Problem Control Toner \u0130\u00e7erikler<\/strong><\/p>\n<ul>\n<li>Anti Sebum P<\/li>\n<li>\u00c7ay A\u011fac\u0131 \u00d6z\u00fc ve \u00c7ay A\u011fac\u0131 Yapra\u011f\u0131 Ya\u011f\u0131<\/li>\n<li>Rosmarinus Officinalis (Biberiye) Yaprak \u00d6z\u00fc<\/li>\n<li>\u00c7inko PCA<\/li>\n<li>Tanik Asit<\/li>\n<li>Salisilik Asit:<\/li>\n<li>SNOW ICE<\/li>\n<li>Pantenol<\/li>\n<li>Hyal\u00fcronik Asit<\/li>\n<\/ul>\n<p><strong>Intensive Problem Control Toner Kulan\u0131m\u0131<\/strong><\/p>\n<p><strong>Toner ile cilt silme<\/strong><\/p>\n<p>Y\u00fcz\u00fc y\u0131kad\u0131ktan sonra \u00f6l\u00fc derilerini ciltteki kal\u0131nt\u0131lar\u0131 temizlemek i\u00e7in pamuklu pedi tonerle \u0131slat\u0131n ve cilt dokusu boyunca silin.<\/p>\n<p><strong>Maske olarak uygulama<\/strong><\/p>\n<p>G\u00f6zenek s\u0131k\u0131la\u015ft\u0131rma etkisini artt\u0131rmak ve cildi rahatlatmak i\u00e7in\u00a0pamuklu pedi tonerle \u0131slat\u0131n ve y\u00fcz\u00fcn\u00fcze koyun. Pedleri 5-10 dakika bekletin<\/p>\n","protected":false},"excerpt":{"rendered":"<p>GENOSYS INTENSIVE PROBLEM CONTROL TONER fazla ya\u011f ve sebumun giderilmesine yard\u0131mc\u0131 olur ve akne e\u011filimli ciltler i\u00e7in etkiler sa\u011flarken cilde h\u0131zl\u0131ca nem katar.<\/p>\n<ul>\n<li>Leke \u00f6nleyici<\/li>\n<li>Ya\u011f kontrol\u00fc<\/li>\n<li>S\u0131k\u0131la\u015ft\u0131r\u0131c\u0131<\/li>\n<li>Cildinizin pH dengesini geri kazand\u0131ran subasit form\u00fcl\u00fc<\/li>\n<\/ul>\n","protected":false},"featured_media":3610,"comment_status":"open","ping_status":"closed","template":"","meta":{"_monsterinsights_skip_tracking":false,"_monsterinsights_sitenote_active":false,"_monsterinsights_sitenote_note":"","_monsterinsights_sitenote_category":0},"product_brand":[59],"product_cat":[63],"product_tag":[],"class_list":{"0":"post-3609","1":"product","2":"type-product","3":"status-publish","4":"has-post-thumbnail","6":"product_brand-genosys","7":"product_cat-temizleyici-ve-tonikler","10":"instock","11":"shipping-taxable","12":"product-type-simple","13":"product-grid-view"},"aioseo_notices":[],"_links":{"self":[{"href":"https:\/\/touchupestetik.com\/index.php\/wp-json\/wp\/v2\/product\/3609","targetHints":{"allow":["GET"]}}],"collection":[{"href":"https:\/\/touchupestetik.com\/index.php\/wp-json\/wp\/v2\/product"}],"about":[{"href":"https:\/\/touchupestetik.com\/index.php\/wp-json\/wp\/v2\/types\/product"}],"replies":[{"embeddable":true,"href":"https:\/\/touchupestetik.com\/index.php\/wp-json\/wp\/v2\/comments?post=3609"}],"wp:featuredmedia":[{"embeddable":true,"href":"https:\/\/touchupestetik.com\/index.php\/wp-json\/wp\/v2\/media\/3610"}],"wp:attachment":[{"href":"https:\/\/touchupestetik.com\/index.php\/wp-json\/wp\/v2\/media?parent=3609"}],"wp:term":[{"taxonomy":"product_brand","embeddable":true,"href":"https:\/\/touchupestetik.com\/index.php\/wp-json\/wp\/v2\/product_brand?post=3609"},{"taxonomy":"product_cat","embeddable":true,"href":"https:\/\/touchupestetik.com\/index.php\/wp-json\/wp\/v2\/product_cat?post=3609"},{"taxonomy":"product_tag","embeddable":true,"href":"https:\/\/touchupestetik.com\/index.php\/wp-json\/wp\/v2\/product_tag?post=3609"}],"curies":[{"name":"wp","href":"https:\/\/api.w.org\/{rel}","templated":true}]}}